etermine t(i).
-8
Let d(h) = -h**2 - 5*h + 2. Suppose -2*i - 14 = -l, i = -l + 6 - 10. Determine d(i).
-4
Let a(v) = -v + 12. Let w be a(3). Suppose 0 = -3*c - w - 3, 16 = -5*p - 4*c. Let y = -1 - p. Let z(i) = -8*i**3 - i - 1. Calculate z(y).
8
Suppose 10 = 4*v - 2*v, -q = -4*v + 19. Let i be (-315)/(-6) - (-2)/(-4). Let m(x) = -52 + i + 3*x. Give m(q).
3
Let x be (110/(-275))/((-2)/40). Let u(y) = -2*y + 11. Calculate u(x).
-5
Let t(p) = -4*p - 40. Let o be (-8)/68 + (-302)/34. What is t(o)?
-4
Suppose 5*b - 6 = 3*b. Suppose d - 3 = q, b*d = -q + d + 12. Let l(n) = 5*n - 3. Determine l(q).
7
Let x(k) = 12*k - 2 + 4 - 1. Let m be ((-8)/3)/(1/(-3)). Let n = -7 + m. What is x(n)?
13
Let v(d) be the second derivative of d**3/2 - 2*d - 117. Determine v(2).
6
Let s(z) be the second derivative of -z**3/3 + 3*z**2 + 84*z. Give s(5).
-4
Let j(a) = -6*a**2 - 2*a**2 + 107*a + 7*a**2 - 115*a + 11. Calculate j(-8).
11
Let u(s) = -12*s - 22. Let d be u(-2). Let p(f) = f**d - f - 1 - 4*f**2 + 6*f**2 - 7*f**2. Give p(-2).
-15
Let f(a) = a - 3. Let w(p) = 7*p - 4. Let d(r) = r. Let m be 4/(-3) + 42/(-9). Let x(u) = m*d(u) + w(u). Let t be x(8). Determine f(t).
1
Let u(j) be the third derivative of 0*j + 0 + 1/12*j**4 - 1/20*j**5 + 1/120*j**6 - 1/6*j**3 - 13*j**2. Give u(4).
23
Let g(x) = 2*x + 31. Let p(s) = -s - 14. Let u(m) = 3*g(m) + 7*p(m). What is u(-4)?
-1
Let o(s) = 9*s**2 + 2*s + 16 + 14*s**2 - 18 - 38*s**2 + 14*s**2. Let u = 2 + -1. Let n be (u - 4)*2/(-2). Calculate o(n).
-5
Let u(o) = 9*o - 4. Let t(d) = -19*d + 9. Suppose -2*g = -3*k + 41, 3*k - 8*k = -g - 38. Let w(p) = g*u(p) - 6*t(p). Suppose -11*b - 82 = -104. Determine w(b).
-8
Suppose -f + 2 + 2 = 0. Suppose -3*h - f*z = -2*z + 2, -5*h + 5*z = -30. Let b = 0 - h. Let c(j) = -j**2 - 1. Determine c(b).
-5
Let d = 20 + -17. Suppose -3*j + 5*j = 8. Suppose p = -q + 9, -j*q + d*q = -5*p + 15. Let y(k) = k**2 - 2*k + 2. Calculate y(p).
10
Let u(o) = -4*o + 10. Suppose -22*w - 40 = -19*w + 4*c, -20 = 3*w - c. Calculate u(w).
42
Let z(y) = -y + 3. Suppose 6*g - 28 = 8. Let d be (6 - g - 0/(-2)) + 0. Give z(d).
3
Let y(r) = 144*r**2 - r**3 - 4 - 285*r**2 + 3*r**3 + 142*r**2 - r**3. Determine y(0).
-4
Let m(q) = 5 + 2946*q**2 - 5890*q**2 - q + 2945*q**2. What is m(6)?
35
Let k(s) = s**3 - 8*s**2 + 7*s - 5. Suppose -12*c + 10*c - 42 = 0. Let l = c + 12. Let z = 16 + l. Determine k(z).
-5
Let o(a) = a**3 - 19*a**2 - 20*a - 13. Let c be o(20). Let x(k) = -k**3 - 14*k**2 - 12*k + 9. Determine x(c).
-4
Let w(b) = b + 1. Let y be w(-6). Suppose -3*h + 27 = -3*g, 0*g + 35 = -5*g + 3*h. Let a = y - g. Let f(m) = m**2 + 1. Determine f(a).
2
Let t(a) = -a**2 - 17 + 13*a**3 + 12*a**3 - 24*a**3. Let k(j) = j**2 - 18*j - 40. Let s be k(20). Calculate t(s).
-17
Let m(v) be the first derivative of -v**3/3 + 7*v**2 - 2*v - 44. Determine m(11).
31
Let n(w) = w**3 - 4*w**2 - 5*w - 6. Suppose 7*u = -4*l + 5*u + 24, u = l. Suppose 0 = z + l*z - 70. Suppose -z*f + 15 = -11*f. Calculate n(f).
-6
Let z(n) = -144 + 2*n**2 - n**2 + 150 + 9*n. Give z(-8).
-2
Let m(t) = -4*t**3 + 23*t**2 + 17*t + 26. Let h(r) = -3*r**3 + 15*r**2 + 11*r + 17. Let d(f) = -7*h(f) + 5*m(f). Determine d(-9).
20
Let i(p) be the third derivative of p**6/120 - p**5/30 - p**4/8 - p**3/6 + 74*p**2 + 2. Calculate i(3).
-1
Let s(f) = 5*f. Let r(p) = p**2 - 7*p - 122. Let q be r(-8). Determine s(q).
-10
Let s be ((-1)/5 + 1)/(118/(-590)). Let g(n) = 2*n + 6. Give g(s).
-2
Let t be (1 + 32/(-6))*-3. Let h = -58 - -70. Let k = t - h. Let b(i) = 8*i**3 + i**2 - 2*i + 1. Determine b(k).
8
Let j(i) = -12*i - 6*i**2 + 6*i + i**3 + 7*i - 5. Suppose 3*d - 15 = -4*l, -4*d + 25 = 3*l + 5. Suppose -2*c = -l*c - 12. Determine j(c).
1
Let l be 6 + (3 - (7 + -1)). Let p(h) = -1 - 5 + h + 0*h. Calculate p(l).
-3
Let m(j) be the second derivative of 0*j**3 + 5/12*j**4 + 0 + 2*j + 0*j**2 - 1/180*j**6 - 1/60*j**5. Let t(c) be the third derivative of m(c). Give t(-2).
6
Let m(o) = o**2 + 11*o + 7. Let s be -1 + 16/3*-3. Let n = s + 7. What is m(n)?
-3
Let m be (-125)/(-45) + (-7)/((-252)/8). Let q(l) = l - l - 4*l**2 + 4*l**m - 4*l - 3*l**3. Determine q(5).
5
Let t be (7/(-42))/(4/(-72)). Let q(s) be the second derivative of -s**2 + 0 + 1/12*s**4 + 1/3*s**3 + 2*s. What is q(t)?
13
Let r(p) = -p + 25*p**2 - 21*p**2 + 0*p + 2. Give r(1).
5
Let h(m) = 14 + 5*m + 4*m + 2*m - 14*m - 1. Calculate h(5).
-2
Let g(k) be the second derivative of -k**5/20 - 2*k**4/3 - k**3/2 + 5*k**2/2 - k - 31. Calculate g(-7).
-23
Let s(w) = -w**3 - 3*w**2 + 3*w. Let y(k) = -2*k**3 + 11*k**2 - 11*k + 3. Let m(a) = 3*s(a) + y(a). What is m(2)?
-33
Suppose -15 = -2*b + 9. Suppose -b = 3*d - 0*d, -d - 2 = o. Suppose 0 = 2*w + o*s, -2*w + 2*s - 21 = -3*s. Let v(u) = -u**2 - 5*u + 2. What is v(w)?
8
Suppose 0 = y + 2 + 2, 0 = -5*w - y + 26. Let c(l) = -34190*l + 17098*l - l**2 + 17098*l - 1. Determine c(w).
-1
Let f = -44 + 47. Let x(l) = 2*l - l**f + 2 + 2 - 3*l**2 - 2 - 4. What is x(-4)?
6
Let l(i) be the third derivative of -i**5/60 + i**4/12 + i**3/6 - 74*i**2 - i. Give l(-2).
-7
Let r = -53 - -61. Let z(a) = -2*a**2 + 2*a - 9. Let m(b) = -5*b**2 + 7*b - 26. Let w(y) = r*z(y) - 3*m(y). What is w(-5)?
6
Suppose -207 = -19*z - 93. Let m(h) = 2*h**2 - 13*h. Calculate m(z).
-6
Let a(w) = -w**3 - 6*w**2 - 6*w - 7. Suppose -p - 6 = -3*p. Suppose 0 = -p*i + i + 6. Suppose i*j + 6 = -9. Give a(j).
-2
Let y(f) be the third derivative of -f**5/60 + f**4/6 + f**3/6 - f**2. Let u = 418 + -415. Determine y(u).
4
Let h = -190 - -190. Let z(u) be the second derivative of -u**5/20 - u**4/12 - 6*u**2 + 2*u. Determine z(h).
-12
Let v = -106 - -114. Suppose -v*o + 4*o - b - 15 = 0, 5*b + 11 = -4*o. Let j(f) = -f**3 - 2*f**2 + 4*f - 4. Give j(o).
12
Let n(t) = -t + 6. Suppose 132*o + 45 = 147*o. What is n(o)?
3
Let i(g) be the first derivative of g**3/3 + 5*g**2/2 + 3*g + 2. Let m(r) = r**3 - 6*r**2 - 8*r + 10. Let w be m(7). Let p = -1 - w. What is i(p)?
-1
Let d(s) be the first derivative of -3*s**2/2 + s - 78. What is d(-7)?
22
Let d(i) = i**3 - 8*i**2 + 5*i + 10. Suppose s - 18 = -8. Let m be s + 1/((2/(-3))/2). Calculate d(m).
-4
Let n(i) = 313*i + 308*i - 6 - 618*i. Let j(a) = 5*a - 13. Suppose 0 = 5*w - 10, s + 15 = -0*s + 4*w. Let g(v) = s*n(v) + 4*j(v). Give g(-7).
-3
Let k(q) = 3*q + 1. Let r(n) = 11*n + 5. Let v(w) = 3*k(w) - r(w). Calculate v(-7).
12
Suppose -m = 4*l + 19, -2*m = -31*l + 27*l - 22. Let z(i) = -i**2 - 5*i - 3. Determine z(l).
-3
Let n(p) = 12 + 2*p + 0*p - 2*p + p. Let m be n(-10). Let o(w) = -w**2 - 1. Determine o(m).
-5
Let c(h) = 14*h**2 + 8*h - 10 - 26*h**2 + 13*h**2. Give c(-9).
-1
Suppose 4*y - 2*q = -3*q - 21, -5*y = q + 27. Let g be (-28)/y - (-2)/6. Let i(s) be the second derivative of s**3/6 - 3*s**2/2 + 205*s. Calculate i(g).
2
Suppose -2*y - 13*p + 7 = -12*p, -3*p = -5*y + 1. Let k(g) = 2*g**2 - 7*g + 8. Calculate k(y).
2
Let s(q) = 20*q + 1. Let y(n) = 4*n. Let w(l) = -s(l) + 4*y(l). Calculate w(1).
-5
Let y(j) = 2*j**3 - 2*j**2 + 2*j + 1. Suppose -3*z + 10 = 4*f - 2, -5*f = 5*z - 20. Suppose 0 = -2*k + b + 6, 6*b - b = -z*k - 2. Give y(k).
13
Let h(g) = g - 3. Let m(s) = -s**3 + 5*s - 3. Let b be m(3). Let x be (-5)/3 - 10/b. Let c be 3/(4*x/(-4)). Determine h(c).
0
Let x(p) = -2*p. Let r = 43 - 113. Let u = 68 + r. Determine x(u).
4
Suppose -2*i - 2 = -5*s + 118, -2*s = 3*i + 180. Let v be (i/36 - (1 - 3))*0. Let r(y) = -y**3 + y**2 - y + 12. What is r(v)?
12
Let a(y) = y**2 - 6*y - 11 - 19*y - 7*y + 26*y - 2*y**2. Give a(-5).
-6
Let q(n) = -n + 13. Let b(a) = -3*a + 37. Let f(s) = -2*b(s) + 7*q(s). Determine f(14).
3
Let d = -43 + 56. Let c(a) = -a**3 + 13*a**2 + a - 7. Give c(d).
6
Let x(p) = 2*p - 5. Let u = 43 - 43. Let q be x(u). Let o(b) = -2*b - 3. Give o(q).
7
Let k(l) = -3517*l + 1 - 4 + 4*l**2 + 3519*l - l**3. Determine k(4).
5
Let m(r) = -10*r - 4. Let b(f) = -f**2 - 7*f. Let t(s) = -b(s) + m(s). Give t(3).
-4
Let g = -1314 - -1309. Let r(s) = 1 - 2*s - s + s**2 + 6*s. Determine r(g).
11
Let g(p) = 4*p - 6. Let r(c) = -2*c**3 - 68*c**2 + 9. Let s be r(-34). What is g(s)?
30
Let p be 6/21 - (-188)/28. Let w(q) = 6 + p*q - 11 - q**2 - 2*q. Determine w(5).
-5
Let x be 0 + (102/24 - 1/4). Let s(p) = 2 + 2*p**2 + p**2 + p - p**3 - 6*p**2 + x*p**2. What is s(0)?
2
Let 